. Let r be f(-2). Let u be (-36)/(4/1)*-1. Let p(l) = 11*l - 6 - 1 - u*l - 3. Give p(r).
4
Let v be 5/(10/(-8)) - -1. Let d be ((-52)/8 + 2)*(-6)/9. Let n(m) = 3*m**3 - 2*m**d + 0*m**3 + 4*m**2. Give n(v).
9
Let l(b) = b**2 - 102*b + 2255. Let q be l(32). Let f(o) = -8*o + 122. Determine f(q).
2
Let t(h) = -5*h - 4. Suppose 0 = 12*n + 11*n - 414. Suppose 5*x + r = -n, 8 = -3*x + 2*r - 8. Calculate t(x).
16
Let s(c) = c**3 + 11*c**2 - 3*c + 22. Let x be s(-12). Let v = x + 87. Let q(b) = -11*b - 1. Let j(o) = 12*o + 1. Let r(d) = 5*j(d) + 6*q(d). Calculate r(v).
-7
Let n(w) = 0 + 3 + 3*w - 15*w + 5*w + 31*w. What is n(-4)?
-93
Let r(y) = -y - 11. Suppose 61 = -3*l + 5*d, 3*d + 11 + 17 = -2*l. Let c = l - -6. Let a(t) = 6*t + 60. Let g be a(c). Give r(g).
-5
Let m(c) be the first derivative of 2*c - 136 - 3/2*c**2. What is m(4)?
-10
Let b(s) = -s**3 + 4*s**2 + 17*s - 24. Let d = -21644 - -21650. What is b(d)?
6
Let p(n) = -n**2 - 5*n - 3. Let y(q) = q**3 + 17*q**2 + 15*q - 21. Suppose -3*o - 12 = 0, -23*u = -20*u - o + 44. Let b be y(u). Determine p(b).
-3
Let q be (144 - 150)*(-14)/(-12)*(-16)/(-28). Let u(a) = -17*a - 68. Determine u(q).
0
Suppose 70 = 17*q + 19*q - 2. Let a(f) = -f**3 - 2*f**2 + 2*f + 1. Determine a(q).
-11
Let u(c) be the second derivative of -c**3/6 + 2*c**2 - 5524*c. Let b(l) = 2*l**2 - 1. Let n be b(-2). Calculate u(n).
-3
Let p(u) = -6*u**2 - 5*u - 31. Let s(i) = 16*i**2 + 14*i + 94. Let b(d) = -11*p(d) - 4*s(d). Determine b(5).
10
Let v(u) be the first derivative of -17*u**2/2 - 226*u + 1157. Determine v(-14).
12
Let c = 424 - 416. Suppose -c*v - 2 = -10*v, 5*l + 37 = -3*v. Let b(j) = -j - 3. Give b(l).
5
Let s(b) = 48*b + 4074. Let r be s(-85). Let m(j) = 11*j + 33. Determine m(r).
-33
Let i(m) = m**2 + 21*m + 17. Let a be ((40/(-25))/(-1))/(8/(-120)*2). Determine i(a).
-91
Let f be ((-108)/(-216))/(-1 + (-7)/(-6)). Let w(s) = -4*s**3 + 7*s**2 - 6*s + 7. Let d(t) = -5*t**3 + 8*t**2 - 7*t + 8. Let h(y) = -3*d(y) + 4*w(y). Give h(f).
4
Let f(v) be the second derivative of v**4/12 + 5*v**3/6 + v**2 - v. Suppose -6*h + 6*h = -6*h - 18. Calculate f(h).
-4
Let a(c) = -13*c + 11. Let p = 7200 + -7200. Determine a(p).
11
Let d(p) = -2 + 9*p - 2 + p**3 + 0 - 9*p**2. Let w(b) be the second derivative of b**4/6 + 31*b**3/3 - 28*b**2 + 35*b. Let k be w(-32). Calculate d(k).
4
Let z(s) = s**3 - 19*s**2 + 20*s - 385. Let l(i) = -18*i**2 + 752*i + 187. Let w be l(42). What is z(w)?
-5
Let x(w) be the second derivative of w**5/20 - w**4/4 - 7*w**3/6 + 4*w**2 - 3*w - 80. Determine x(3).
-13
Let m(u) = -u**3 - 2. Let q(f) = -4*f**3 + 6*f**2 + 3*f - 9. Suppose 144*r + 17 = 127*r. Let t(b) = r*q(b) + 5*m(b). Determine t(-3).
-19
Let y(b) = -b**3 + 6*b**2 + b - 2. Let t = -16 - 7. Let s = t + 29. Let a be (-8)/s*-5 - 2/3. What is y(a)?
4
Let v(t) be the third derivative of 2*t + 5/6*t**3 + 1/6*t**4 + 0 + 30*t**2 - 1/60*t**5. Give v(5).
0
Let o(g) = -g**3 + 7*g**2 + 13*g + 45. Let k be o(9). Let z(q) = q**3 + 1784 - 2*q**2 + q**2 - 1780 - q. What is z(k)?
4
Let w(p) = -11*p - 1. Let b(i) = 3*i**3 - i**2 + 2*i - 1. Let f be b(1). Let m = -3297 + 3301. Suppose m*o - 3*o = 4*t + f, -t = 4*o + 5. What is w(t)?
10
Let f = 84 - 42. Let c = f + -29. Let j(z) = -z - 16 + c - 2. What is j(5)?
-10
Let j be (-4)/6 - (-20)/3. Let d(a) = 4 + 2 - a**3 + 6437*a + 2*a**3 + a**3 - 6430*a - 7*a**2 - a**3. Calculate d(j).
12
Let x(u) be the third derivative of u**6/120 - u**5/30 - u**4/8 + 2*u**3/3 + u**2. Suppose 76*b = 71*b + 180. Suppose 249*q - 261*q = -b. Determine x(q).
4
Let r(s) = 291*s + 292*s - 872*s + 292*s + 9 - 51. Calculate r(19).
15
Let q(k) = -26*k + 307. Let g = -24556 - -24568. Give q(g).
-5
Suppose -g + 6*g = -3*s + 94, -s - 62 = -3*g. Suppose -u = -g + 18. Let y(f) = -8*f + 3. Let x(v) = 24*v - 8. Let l(i) = -4*x(i) - 11*y(i). Calculate l(u).
-17
Let c(u) = -u**2 - 3*u + 2. Suppose -7*x = -3*x - 16. Let w be (-144)/(-5) + (-8)/10. Suppose 3*y = -x*y - w. What is c(y)?
-2
Let h = 38 + -47. Let d be h/((-54)/16)*3. Suppose -j + d = -3*t, 0 = -2*t - 2*j - 12 + 4. Let u(p) = -p + 3. Determine u(t).
6
Let n(z) = -z - 4. Let d be (1 + -4)/((-6)/8). Suppose -3*r - j - 12 = -3, 24 = -3*r + d*j. Let s(h) = -h**2 - h + 2. Let i be s(r). Calculate n(i).
6
Let l be (26/28 - 292/(-511))*(-136)/(-12). Let f(q) be the first derivative of 0*q + 1/2*q**2 + l. Determine f(-8).
-8
Let b(q) = -48*q**2 - 6*q - 3 - q - 50*q**2 - 1 + 95*q**2. What is b(-6)?
-70
Let v(o) be the second derivative of -o**5/5 - o**4/12 + 5*o**3/6 + 3*o**2/2 + 6999*o. Calculate v(-3).
87
Let a be ((-156)/1404)/((-5)/3). Let i(t) be the third derivative of 13*t**2 + 0 - 1/24*t**4 - a*t**5 + 1/6*t**3 + 0*t. Calculate i(1).
-4
Let z(f) = 20*f**2 + 7*f + 45. Let p(o) = -3*o**2 - o - 6. Let g(n) = 15*p(n) + 2*z(n). Let a(y) = 5*y - 21. Let d be a(4). Calculate g(d).
-4
Let z(a) be the first derivative of -a**4/4 - 2*a**3/3 - 2*a**2 - 2*a + 7. Let g be z(-2). Suppose -4*f = g*f - 90. Let p(d) = d**2 - 9*d + 2. Determine p(f).
2
Let l(m) = -5*m**3 + 17*m**2 - 3*m + 58. Let u(q) = -2*q**3 + 8*q**2 - 2*q + 31. Let x(o) = 3*l(o) - 7*u(o). Determine x(-7).
20
Let p(k) = k**3 + 34*k**2 + 37*k + 125. Suppose -u + 2*b = 17, 56*b + 123 = -3*u + 53*b. What is p(u)?
-7
Suppose -404 = 3*a - 1307. Let g(h) = -h**3 - 1 - 101*h - 105*h - 2*h**2 + a*h - 97*h. Suppose f + 3 = 1. What is g(f)?
3
Let y(b) = 32225*b - 16129*b - 5 - 16128*b. Calculate y(2).
-69
Let v(w) = 5*w**2 - 5*w + 1. Let a = 276 + -287. Let s(y) = -27*y**2 + 28*y - 4. Let q(g) = a*v(g) - 2*s(g). Calculate q(-4).
-15
Let g(w) = 2*w - 62. Let u be (0 - -1 - 0/(-2))/(64/1472). Calculate g(u).
-16
Let p(m) be the second derivative of -m**4/3 - 4*m**3 + 7*m**2/2 + 7*m. Let r be p(-6). Let d(i) = i**3 - 6*i**2 - 4*i - 13. Give d(r).
8
Let c(d) be the first derivative of 1/24*d**4 - 11 + 0*d**3 - 17/2*d**2 - 1/15*d**5 + 0*d. Let a(i) be the second derivative of c(i). Determine a(-1).
-5
Let g(b) = b**3 - b**2 - b + 1. Let o(a) = 5*a**3 - 8*a**2 - 27*a + 16. Let w(p) = -4*g(p) + o(p). Calculate w(7).
-2
Let s be ((-72)/8 + 17)/(1 + 1). Let v(z) be the second derivative of 7*z + 1/12*z**s - 1/2*z**2 - 1/6*z**3 + 0. What is v(-1)?
1
Suppose 72 = -728*j + 692*j. Let w(p) = -71*p - 7. Determine w(j).
135
Let n(k) be the third derivative of -k**5/20 - 4*k**3 - 3*k**2 + 538. Calculate n(0).
-24
Let q(u) = 7*u. Let b be (2 - -1) + (3 - 1) + -293. Let v = 284 + b. Give q(v).
-28
Suppose -5*r - d + 20 = 0, 4*r - 6*d = -d + 16. Suppose 19*x + r = 15*x. Let k(p) be the third derivative of 5*p**4/24 + p**3/6 - 31*p**2 - 7. Calculate k(x).
-4
Suppose 2*p - 18 = 58. Let t = p - 38. Let m(y) = 644*y**2 - 3 - 645*y**2 + 8. Calculate m(t).
5
Let i = -3603 - -3597. Suppose q + 3*m = -12, -5 = -5*q + m - 3*m. Let w(c) = -c + 4 - q + 1. What is w(i)?
8
Let g(l) = -196 + 4*l + 189 - 5*l + 5*l. What is g(0)?
-7
Let p(k) = 2*k**3 - 1 + 87*k**2 - 86*k**2 - k**3 - 1. Calculate p(1).
0
Suppose 3*t - 66*r = -57*r + 18, 1 = -t - 4*r. Let c(m) = -m**3 + 4*m**2 - 12*m + 24. What is c(t)?
-3
Let d = -549 - -556. Let x = 7 + 2. Let a = x - d. Let w(m) = 3*m - 3. Give w(a).
3
Let o(g) = 60513 + 3*g**2 + 6*g - 60521 - 2*g**2. What is o(-11)?
47
Let z(g) be the second derivative of 1/6*g**3 + 28*g + 0 + 0*g**2. Let a = -2 - -1. Give z(a).
-1
Let d(i) = 29 + 12296*i**3 + 22*i**2 + 41*i + 0 - 12295*i**3. Give d(-20).
9
Let t(m) = m**2 - 10*m + 11. Let k(z) be the first derivative of -z**4/4 - 5*z**3 + 3*z**2 - 152*z + 44. Let s be k(-16). Calculate t(s).
-5
Let f(h) = -h**2 + 13*h + 7. Let y be 2010/150 - 3/(-30)*6. Give f(y).
-7
Let b be (-62)/(-155) - (-368)/5. Let h = 75 - b. Let x(l) = 11*l**3 + 1. Determine x(h).
12
Suppose -122*k + 2 + 15 = -139*k. Let h(l) = -8*l**2 - l + 2. Determine h(k).
-5
Let v(y) = y**3 - 9*y**2 + 9. Let m be v(9). Let j(l) = -m - 4 - l + 17. What is j(9)?
-5
Suppose -h - h = -7*h + 9*h. Let k(w) be the second derivative of h - 1/2*w**2 + 4*w + 1/6*w**4 + 1/3*w**3. Determine k(2).
11
Let u(m) be the second derivative of 1/2*m**4 + 1/2*m**2 + 0 + m - 1/20*m**5 - m**3. Let x be ((-135)/(-40) + -4)/((-47)/376). Determine u(x).
-4
Let v(y) = -1251*y + 2506*y - 1253*y + 48*y**2 + 1. Calculate v(-1).
47
Let b(w) = -2*w**3 - 8*w**2 + 16*w + 20. Let i be 